
2, 17, 53, 523, 911
What are the prime factors of 635315462?
2, 2269, 139999
List the prime factors of 698683993.
7, 41, 457, 761
List the prime factors of 18927543.
3, 6309181
List the prime factors of 30488555.
5, 37, 97, 1699
What are the prime factors of 1184712491?
19, 62353289
List the prime factors of 68727331.
68727331
List the prime factors of 744514114.
2, 372257057
List the prime factors of 49368748.
2, 11, 13, 17, 5077
List the prime factors of 2843082798.
2, 3, 1151, 411683
List the prime factors of 572142834.
2, 3, 31785713
List the prime factors of 4669903.
7, 667129
What are the prime factors of 2590861824?
2, 3, 241, 2333
List the prime factors of 3103371211.
2281, 1360531
What are the prime factors of 375377074?
2, 187688537
What are the prime factors of 32191367?
13, 853, 2903
What are the prime factors of 655302171?
3, 103, 547, 3877
List the prime factors of 199173681.
3, 7, 151, 997
What are the prime factors of 134170807?
134170807
List the prime factors of 3580091777.
19, 761, 247603
List the prime factors of 5169335.
5, 1033867
What are the prime factors of 357238572?
2, 3, 131, 227251
What are the prime factors of 26379529?
11, 17, 141067
List the prime factors of 325669887.
3, 36185543
List the prime factors of 101928703.
101928703
What are the prime factors of 25195717?
17, 1482101
What are the prime factors of 1751258194?
2, 7, 67, 1867013
What are the prime factors of 72919651?
7, 67, 181, 859
List the prime factors of 2273966188.
2, 13, 31, 167, 8447
List the prime factors of 64724222.
2, 19, 1703269
What are the prime factors of 2922166518?
2, 3, 10253, 47501
List the prime factors of 119305483.
11, 10845953
What are the prime factors of 11670422?
2, 5835211
List the prime factors of 7788862695.
3, 5, 519257513
List the prime factors of 47762721.
3, 137, 38737
List the prime factors of 54822680.
2, 5, 11, 47, 241
What are the prime factors of 7933584237?
3, 43, 773, 79561
List the prime factors of 218238630.
2, 3, 5, 29, 53, 4733
What are the prime factors of 15283173?
3, 293, 17387
List the prime factors of 434078450.
2, 5, 13, 37, 18049
List the prime factors of 5127243777.
3, 16421, 34693
List the prime factors of 35111169.
3, 1021, 3821
What are the prime factors of 47105533?
163, 288991
List the prime factors of 286565413.
17, 419, 40231
List the prime factors of 2493925561.
2493925561
What are the prime factors of 2102176430?
2, 5, 210217643
List the prime factors of 322761407.
322761407
List the prime factors of 107808869.
7, 19, 43, 2693
What are the prime factors of 65192842?
2, 11, 13, 227947
What are the prime factors of 2336630114?
2, 7, 13, 12838627
List the prime factors of 369263969.
643, 574283
List the prime factors of 52956301.
52956301
What are the prime factors of 248690600?
2, 5, 67, 277
What are the prime factors of 220223400?
2, 3, 5, 59, 6221
What are the prime factors of 1577408967?
3, 151, 1160713
List the prime factors of 24982710.
2, 3, 5, 832757
List the prime factors of 34143306.
2, 3, 5690551
List the prime factors of 4499134325.
5, 7, 37, 227, 3061
List the prime factors of 751348580.
2, 5, 47, 799307
List the prime factors of 187916413.
823, 228331
List the prime factors of 41215405.
5, 7, 11, 107053
What are the prime factors of 1710364236?
2, 3, 7, 20361479
What are the prime factors of 2065206549?
3, 7, 98343169
What are the prime factors of 9679521?
3, 157, 20551
List the prime factors of 35551394.
2, 19, 59, 101, 157
List the prime factors of 3224436748.
2, 13, 5417, 11447
What are the prime factors of 4217085344?
2, 29, 53, 179, 479
What are the prime factors of 289336795?
5, 11, 31, 41, 4139
What are the prime factors of 8585500?
2, 5, 7, 11, 223
What are the prime factors of 365511699?
3, 7, 23, 193, 1307
List the prime factors of 327045623.
327045623
List the prime factors of 49871712.
2, 3, 11, 83, 569
What are the prime factors of 117916121?
117916121
List the prime factors of 702093103.
29, 61, 396887
List the prime factors of 3590478022.
2, 4583, 391717
List the prime factors of 222905072.
2, 13, 1071659
List the prime factors of 743655916.
2, 185913979
What are the prime factors of 1030585167?
3, 241, 251, 631
List the prime factors of 113605823.
113605823
List the prime factors of 62204517.
3, 767957
What are the prime factors of 2047425801?
3, 127, 5373821
What are the prime factors of 737827646?
2, 19, 197, 98561
List the prime factors of 664959467.
664959467
What are the prime factors of 2583943301?
83, 349, 89203
List the prime factors of 207521138.
2, 11, 937, 10067
List the prime factors of 35909418.
2, 3, 5984903
What are the prime factors of 1982095884?
2, 3, 19, 2897801
What are the prime factors of 882497752?
2, 233, 473443
List the prime factors of 394421394.
2, 3, 41, 1603339
List the prime factors of 151197074.
2, 7, 10799791
What are the prime factors of 19745649?
3, 7, 11, 28493
What are the prime factors of 4014627417?
3, 337, 1323649
List the prime factors of 7085648.
2, 37, 11969
What are the prime factors of 1337198654?
2, 11, 577, 105341
What are the prime factors of 114264308?
2, 223, 128099
List the prime factors of 21899381.
7, 19, 23, 7159
List the prime factors of 156738515.
5, 59, 487, 1091
What are the prime factors of 469585222?
2, 1373, 171007
List the prime factors of 19434397.
19, 293, 3491
List the prime factors of 122086162.
2, 11, 23, 37, 6521
List the prime factors of 23174197.
53, 59, 7411
List the prime factors of 12724438.
2, 6362219
List the prime factors of 3140877.
3, 1046959
What are the prime factors of 99072910?
2, 5, 9907291
List the prime factors of 473307507.
3, 52589723
What are the prime factors of 79297791?
3, 97, 379, 719
List the prime factors of 605362234.
2, 31, 281, 34747
What are the prime factors of 809157328?
2, 7, 179, 40361
List the prime factors of 113309572.
2, 28327393
List the prime factors of 40506303.
3, 89, 211, 719
List the prime factors of 460102936.
2, 19, 67, 45179
List the prime factors of 330347899.
7, 47192557
What are the prime factors of 4566120217?
4566120217
What are the prime factors of 521927979?
3, 173975993
What are the prime factors of 685375354?
2, 71, 4826587
List the prime factors of 2132183440.
2, 5, 113, 163, 1447
List the prime factors of 2678136161.
37021, 72341
List the prime factors of 11028673.
11028673
What are the prime factors of 37057774?
2, 13, 1425299
List the prime factors of 3881439.
3, 15973
List the prime factors of 2051123708.
2, 512780927
What are the prime factors of 4941610338?
2, 3, 7, 117657389
What are the prime factors of 5386339262?
2, 17, 4621, 34283
List the prime factors of 141069899.
3541, 39839
What are the prime factors of 82339887?
3, 7, 3920947
List the prime factors of 1035405582.
2, 3, 23, 47, 61, 2617
List the prime factors of 1337775557.
16633, 80429
List the prime factors of 1672350.
2, 3, 5, 11149
What are the prime factors of 2547502812?
2, 3, 2659, 2957
List the prime factors of 2676625444.
2, 137, 467, 10459
What are the prime factors of 938695991?
2819, 332989
List the prime factors of 5568851840.
2, 5, 17, 511843
List the prime factors of 1425307132.
2, 17, 59, 355261
List the prime factors of 826437077.
107, 373, 20707
What are the prime factors of 2343062850?
2, 3, 5, 15620419
List the prime factors of 4109128.
2, 513641
List the prime factors of 30452445.
3, 5, 676721
What are the prime factors of 891391244?
2, 3499, 63689
What are the prime factors of 505940685?
3, 5, 1733, 19463
What are the prime factors of 463470083?
29, 15981727
List the prime factors of 48089454.
2, 3, 7, 691, 1657
List the prime factors of 1023051.
3, 341017
What are the prime factors of 170452011?
3, 23, 2470319
What are the prime factors of 1829060169?
3, 43, 14178761
What are the prime factors of 116834391?
3, 12981599
What are the prime factors of 29171342?
2, 131, 111341
What are the prime factors of 455164957?
13, 89, 393401
List the prime factors of 2854499729.
83, 34391563
What are the prime factors of 621657267?
3, 7, 11, 107, 3593
What are the prime factors of 115890016?
2, 11, 329233
What are the prime factors of 60151947?
3, 617, 32497
What are the prime factors of 25517189?
23, 43, 25801
What are the prime factors of 536528874?
2, 3, 7, 17, 